{"id":6427,"date":"2023-12-22T14:05:42","date_gmt":"2023-12-22T13:05:42","guid":{"rendered":"https:\/\/www.munichfabricstart.com\/?post_type=tribe_events&#038;p=6427"},"modified":"2024-01-21T15:35:34","modified_gmt":"2024-01-21T14:35:34","slug":"womens-fashion-trends-ss-25-optimismus-nachhaltige-visionen","status":"publish","type":"tribe_events","link":"https:\/\/www.munichfabricstart.com\/en\/event\/womens-fashion-trends-ss-25-optimismus-nachhaltige-visionen\/","title":{"rendered":"WOMEN\u00b4S FASHION TRENDS SS 25 \u2013 OPTIMISMUS &#038; NACHHALTIGE VISIONEN"},"content":{"rendered":"<p>Eine Saison gepr\u00e4gt von dem Wunsch mit Optimismus in die Zukunft zu blicken. Wir erweitern unser kreatives Denken, lassen den Anschein, dass &#8220;alles schon gemacht wurde&#8221; hinter uns und verschieben die Grenzen.<br \/>\nDie Hybridisierung von Bez\u00fcgen, das Zusammentreffen von Gegens\u00e4tzen, kreative Spekulation, das alles sind Wege \u00fcber das Bestehende hinauszugehen und neue nachhaltige Welten zu schaffen.<\/p>\n","protected":false},"excerpt":{"rendered":"<p>Eine Saison gepr\u00e4gt von dem Wunsch mit Optimismus in die Zukunft zu blicken. Wir erweitern unser kreatives Denken, lassen den Anschein, dass &#8220;alles schon gemacht wurde&#8221; hinter uns und verschieben [&hellip;]<\/p>\n","protected":false},"author":6,"featured_media":0,"template":"","meta":{"_acf_changed":false,"_tribe_events_status":"","_tribe_events_status_reason":"","footnotes":""},"tags":[],"tribe_events_cat":[78],"class_list":["post-6427","tribe_events","type-tribe_events","status-publish","hentry","tribe_events_cat-trend-presentation-en","cat_trend-presentation-en"],"acf":[],"yoast_head":"<!-- This site is optimized with the Yoast SEO plugin v26.5 - https:\/\/yoast.com\/wordpress\/plugins\/seo\/ -->\n<title>WOMEN\u00b4S FASHION TRENDS SS 25 \u2013 OPTIMISMUS &amp; NACHHALTIGE VISIONEN - MUNICH FABRIC START<\/title>\n<meta name=\"robots\" content=\"index, follow, max-snippet:-1, max-image-preview:large, max-video-preview:-1\" \/>\n<link rel=\"canonical\" href=\"https:\/\/www.munichfabricstart.com\/en\/event\/womens-fashion-trends-ss-25-optimismus-nachhaltige-visionen\/\" \/>\n<meta property=\"og:locale\" content=\"en_US\" \/>\n<meta property=\"og:type\" content=\"article\" \/>\n<meta property=\"og:title\" content=\"WOMEN\u00b4S FASHION TRENDS SS 25 \u2013 OPTIMISMUS &amp; NACHHALTIGE VISIONEN - MUNICH FABRIC START\" \/>\n<meta property=\"og:description\" content=\"Eine Saison gepr\u00e4gt von dem Wunsch mit Optimismus in die Zukunft zu blicken. Wir erweitern unser kreatives Denken, lassen den Anschein, dass &#8220;alles schon gemacht wurde&#8221; hinter uns und verschieben [&hellip;]\" \/>\n<meta property=\"og:url\" content=\"https:\/\/www.munichfabricstart.com\/en\/event\/womens-fashion-trends-ss-25-optimismus-nachhaltige-visionen\/\" \/>\n<meta property=\"og:site_name\" content=\"MUNICH FABRIC START\" \/>\n<meta property=\"article:modified_time\" content=\"2024-01-21T14:35:34+00:00\" \/>\n<meta name=\"twitter:card\" content=\"summary_large_image\" \/>\n<meta name=\"twitter:label1\" content=\"Est. reading time\" \/>\n\t<meta name=\"twitter:data1\" content=\"1 minute\" \/>\n<script type=\"application\/ld+json\" class=\"yoast-schema-graph\">{\"@context\":\"https:\/\/schema.org\",\"@graph\":[{\"@type\":\"WebPage\",\"@id\":\"https:\/\/www.munichfabricstart.com\/en\/event\/womens-fashion-trends-ss-25-optimismus-nachhaltige-visionen\/\",\"url\":\"https:\/\/www.munichfabricstart.com\/en\/event\/womens-fashion-trends-ss-25-optimismus-nachhaltige-visionen\/\",\"name\":\"WOMEN\u00b4S FASHION TRENDS SS 25 \u2013 OPTIMISMUS & NACHHALTIGE VISIONEN - MUNICH FABRIC START\",\"isPartOf\":{\"@id\":\"https:\/\/www.munichfabricstart.com\/#website\"},\"datePublished\":\"2023-12-22T13:05:42+00:00\",\"dateModified\":\"2024-01-21T14:35:34+00:00\",\"breadcrumb\":{\"@id\":\"https:\/\/www.munichfabricstart.com\/en\/event\/womens-fashion-trends-ss-25-optimismus-nachhaltige-visionen\/#breadcrumb\"},\"inLanguage\":\"en-US\",\"potentialAction\":[{\"@type\":\"ReadAction\",\"target\":[\"https:\/\/www.munichfabricstart.com\/en\/event\/womens-fashion-trends-ss-25-optimismus-nachhaltige-visionen\/\"]}]},{\"@type\":\"BreadcrumbList\",\"@id\":\"https:\/\/www.munichfabricstart.com\/en\/event\/womens-fashion-trends-ss-25-optimismus-nachhaltige-visionen\/#breadcrumb\",\"itemListElement\":[{\"@type\":\"ListItem\",\"position\":1,\"name\":\"Startseite\",\"item\":\"https:\/\/www.munichfabricstart.com\/en\/\"},{\"@type\":\"ListItem\",\"position\":2,\"name\":\"Events\",\"item\":\"https:\/\/www.munichfabricstart.com\/events\/\"},{\"@type\":\"ListItem\",\"position\":3,\"name\":\"WOMEN\u00b4S FASHION TRENDS SS 25 \u2013 OPTIMISMUS &#038; NACHHALTIGE VISIONEN\"}]},{\"@type\":\"WebSite\",\"@id\":\"https:\/\/www.munichfabricstart.com\/#website\",\"url\":\"https:\/\/www.munichfabricstart.com\/\",\"name\":\"MUNICH FABRIC START\",\"description\":\"International Fabric Trade Show. Twice a year, the textile industry meets in Munich to order fabrics and accessories. \u2713 Textiles \u2713 Additionals \u2713 Innovations \u2713 Trends\",\"potentialAction\":[{\"@type\":\"SearchAction\",\"target\":{\"@type\":\"EntryPoint\",\"urlTemplate\":\"https:\/\/www.munichfabricstart.com\/?s={search_term_string}\"},\"query-input\":{\"@type\":\"PropertyValueSpecification\",\"valueRequired\":true,\"valueName\":\"search_term_string\"}}],\"inLanguage\":\"en-US\"}]}<\/script>\n<!-- \/ Yoast SEO plugin. -->","yoast_head_json":{"title":"WOMEN\u00b4S FASHION TRENDS SS 25 \u2013 OPTIMISMUS & NACHHALTIGE VISIONEN - MUNICH FABRIC START","robots":{"index":"index","follow":"follow","max-snippet":"max-snippet:-1","max-image-preview":"max-image-preview:large","max-video-preview":"max-video-preview:-1"},"canonical":"https:\/\/www.munichfabricstart.com\/en\/event\/womens-fashion-trends-ss-25-optimismus-nachhaltige-visionen\/","og_locale":"en_US","og_type":"article","og_title":"WOMEN\u00b4S FASHION TRENDS SS 25 \u2013 OPTIMISMUS & NACHHALTIGE VISIONEN - MUNICH FABRIC START","og_description":"Eine Saison gepr\u00e4gt von dem Wunsch mit Optimismus in die Zukunft zu blicken. Wir erweitern unser kreatives Denken, lassen den Anschein, dass &#8220;alles schon gemacht wurde&#8221; hinter uns und verschieben [&hellip;]","og_url":"https:\/\/www.munichfabricstart.com\/en\/event\/womens-fashion-trends-ss-25-optimismus-nachhaltige-visionen\/","og_site_name":"MUNICH FABRIC START","article_modified_time":"2024-01-21T14:35:34+00:00","twitter_card":"summary_large_image","twitter_misc":{"Est. reading time":"1 minute"},"schema":{"@context":"https:\/\/schema.org","@graph":[{"@type":"WebPage","@id":"https:\/\/www.munichfabricstart.com\/en\/event\/womens-fashion-trends-ss-25-optimismus-nachhaltige-visionen\/","url":"https:\/\/www.munichfabricstart.com\/en\/event\/womens-fashion-trends-ss-25-optimismus-nachhaltige-visionen\/","name":"WOMEN\u00b4S FASHION TRENDS SS 25 \u2013 OPTIMISMUS & NACHHALTIGE VISIONEN - MUNICH FABRIC START","isPartOf":{"@id":"https:\/\/www.munichfabricstart.com\/#website"},"datePublished":"2023-12-22T13:05:42+00:00","dateModified":"2024-01-21T14:35:34+00:00","breadcrumb":{"@id":"https:\/\/www.munichfabricstart.com\/en\/event\/womens-fashion-trends-ss-25-optimismus-nachhaltige-visionen\/#breadcrumb"},"inLanguage":"en-US","potentialAction":[{"@type":"ReadAction","target":["https:\/\/www.munichfabricstart.com\/en\/event\/womens-fashion-trends-ss-25-optimismus-nachhaltige-visionen\/"]}]},{"@type":"BreadcrumbList","@id":"https:\/\/www.munichfabricstart.com\/en\/event\/womens-fashion-trends-ss-25-optimismus-nachhaltige-visionen\/#breadcrumb","itemListElement":[{"@type":"ListItem","position":1,"name":"Startseite","item":"https:\/\/www.munichfabricstart.com\/en\/"},{"@type":"ListItem","position":2,"name":"Events","item":"https:\/\/www.munichfabricstart.com\/events\/"},{"@type":"ListItem","position":3,"name":"WOMEN\u00b4S FASHION TRENDS SS 25 \u2013 OPTIMISMUS &#038; NACHHALTIGE VISIONEN"}]},{"@type":"WebSite","@id":"https:\/\/www.munichfabricstart.com\/#website","url":"https:\/\/www.munichfabricstart.com\/","name":"MUNICH FABRIC START","description":"International Fabric Trade Show. Twice a year, the textile industry meets in Munich to order fabrics and accessories. \u2713 Textiles \u2713 Additionals \u2713 Innovations \u2713 Trends","potentialAction":[{"@type":"SearchAction","target":{"@type":"EntryPoint","urlTemplate":"https:\/\/www.munichfabricstart.com\/?s={search_term_string}"},"query-input":{"@type":"PropertyValueSpecification","valueRequired":true,"valueName":"search_term_string"}}],"inLanguage":"en-US"}]}},"_links":{"self":[{"href":"https:\/\/www.munichfabricstart.com\/en\/wp-json\/wp\/v2\/tribe_events\/6427","targetHints":{"allow":["GET"]}}],"collection":[{"href":"https:\/\/www.munichfabricstart.com\/en\/wp-json\/wp\/v2\/tribe_events"}],"about":[{"href":"https:\/\/www.munichfabricstart.com\/en\/wp-json\/wp\/v2\/types\/tribe_events"}],"author":[{"embeddable":true,"href":"https:\/\/www.munichfabricstart.com\/en\/wp-json\/wp\/v2\/users\/6"}],"version-history":[{"count":2,"href":"https:\/\/www.munichfabricstart.com\/en\/wp-json\/wp\/v2\/tribe_events\/6427\/revisions"}],"predecessor-version":[{"id":6861,"href":"https:\/\/www.munichfabricstart.com\/en\/wp-json\/wp\/v2\/tribe_events\/6427\/revisions\/6861"}],"wp:attachment":[{"href":"https:\/\/www.munichfabricstart.com\/en\/wp-json\/wp\/v2\/media?parent=6427"}],"wp:term":[{"taxonomy":"post_tag","embeddable":true,"href":"https:\/\/www.munichfabricstart.com\/en\/wp-json\/wp\/v2\/tags?post=6427"},{"taxonomy":"tribe_events_cat","embeddable":true,"href":"https:\/\/www.munichfabricstart.com\/en\/wp-json\/wp\/v2\/tribe_events_cat?post=6427"}],"curies":[{"name":"wp","href":"https:\/\/api.w.org\/{rel}","templated":true}]}}

<p>Eine Saison geprägt von dem Wunsch mit Optimismus in die Zukunft zu blicken. Wir erweitern unser kreatives Denken, lassen den Anschein, dass &#8220;alles schon gemacht wurde&#8221; hinter uns und verschieben die Grenzen.<br />
Die Hybridisierung von Bezügen, das Zusammentreffen von Gegensätzen, kreative Spekulation, das alles sind Wege über das Bestehende hinauszugehen und neue nachhaltige Welten zu schaffen.</p>

<p>Eine Saison geprägt von dem Wunsch mit Optimismus in die Zukunft zu blicken. Wir erweitern unser kreatives Denken, lassen den Anschein, dass &#8220;alles schon gemacht wurde&#8221; hinter uns und verschieben [&hellip;]</p>

<!-- This site is optimized with the Yoast SEO plugin v26.5 - https://yoast.com/wordpress/plugins/seo/ -->
<title>WOMEN´S FASHION TRENDS SS 25 – OPTIMISMUS &amp; NACHHALTIGE VISIONEN - MUNICH FABRIC START</title>
<meta name="robots" content="index, follow, max-snippet:-1, max-image-preview:large, max-video-preview:-1" />
<link rel="canonical" href="https://www.munichfabricstart.com/en/event/womens-fashion-trends-ss-25-optimismus-nachhaltige-visionen/" />
<meta property="og:locale" content="en_US" />
<meta property="og:type" content="article" />
<meta property="og:title" content="WOMEN´S FASHION TRENDS SS 25 – OPTIMISMUS &amp; NACHHALTIGE VISIONEN - MUNICH FABRIC START" />
<meta property="og:description" content="Eine Saison geprägt von dem Wunsch mit Optimismus in die Zukunft zu blicken. Wir erweitern unser kreatives Denken, lassen den Anschein, dass &#8220;alles schon gemacht wurde&#8221; hinter uns und verschieben [&hellip;]" />
<meta property="og:url" content="https://www.munichfabricstart.com/en/event/womens-fashion-trends-ss-25-optimismus-nachhaltige-visionen/" />
<meta property="og:site_name" content="MUNICH FABRIC START" />
<meta property="article:modified_time" content="2024-01-21T14:35:34+00:00" />
<meta name="twitter:card" content="summary_large_image" />
<meta name="twitter:label1" content="Est. reading time" />
	<meta name="twitter:data1" content="1 minute" />
<script type="application/ld+json" class="yoast-schema-graph">{"@context":"https://schema.org","@graph":[{"@type":"WebPage","@id":"https://www.munichfabricstart.com/en/event/womens-fashion-trends-ss-25-optimismus-nachhaltige-visionen/","url":"https://www.munichfabricstart.com/en/event/womens-fashion-trends-ss-25-optimismus-nachhaltige-visionen/","name":"WOMEN´S FASHION TRENDS SS 25 – OPTIMISMUS & NACHHALTIGE VISIONEN - MUNICH FABRIC START","isPartOf":{"@id":"https://www.munichfabricstart.com/#website"},"datePublished":"2023-12-22T13:05:42+00:00","dateModified":"2024-01-21T14:35:34+00:00","breadcrumb":{"@id":"https://www.munichfabricstart.com/en/event/womens-fashion-trends-ss-25-optimismus-nachhaltige-visionen/#breadcrumb"},"inLanguage":"en-US","potentialAction":[{"@type":"ReadAction","target":["https://www.munichfabricstart.com/en/event/womens-fashion-trends-ss-25-optimismus-nachhaltige-visionen/"]}]},{"@type":"BreadcrumbList","@id":"https://www.munichfabricstart.com/en/event/womens-fashion-trends-ss-25-optimismus-nachhaltige-visionen/#breadcrumb","itemListElement":[{"@type":"ListItem","position":1,"name":"Startseite","item":"https://www.munichfabricstart.com/en/"},{"@type":"ListItem","position":2,"name":"Events","item":"https://www.munichfabricstart.com/events/"},{"@type":"ListItem","position":3,"name":"WOMEN´S FASHION TRENDS SS 25 – OPTIMISMUS &#038; NACHHALTIGE VISIONEN"}]},{"@type":"WebSite","@id":"https://www.munichfabricstart.com/#website","url":"https://www.munichfabricstart.com/","name":"MUNICH FABRIC START","description":"International Fabric Trade Show. Twice a year, the textile industry meets in Munich to order fabrics and accessories. ✓ Textiles ✓ Additionals ✓ Innovations ✓ Trends","potentialAction":[{"@type":"SearchAction","target":{"@type":"EntryPoint","urlTemplate":"https://www.munichfabricstart.com/?s={search_term_string}"},"query-input":{"@type":"PropertyValueSpecification","valueRequired":true,"valueName":"search_term_string"}}],"inLanguage":"en-US"}]}</script>
<!-- / Yoast SEO plugin. -->

Eine Saison geprägt von dem Wunsch mit Optimismus in die Zukunft zu blicken. Wir erweitern unser kreatives Denken, lassen den Anschein, dass &#8220;alles schon gemacht wurde&#8221; hinter uns und verschieben [&hellip;]
